[INFO] cloning repository https://github.com/Kybox/SpringBootProjectGenerator
[INFO] running `Command { std: "git" "-c" "credential.helper=" "-c" "credential.helper=/workspace/cargo-home/bin/git-credential-null" "clone" "--bare" "https://github.com/Kybox/SpringBootProjectGenerator" "/workspace/cache/git-repos/https%3A%2F%2Fgithub.com%2FKybox%2FSpringBootProjectGenerator", kill_on_drop: false }`
[INFO] [stderr] Cloning into bare repository '/workspace/cache/git-repos/https%3A%2F%2Fgithub.com%2FKybox%2FSpringBootProjectGenerator'...
[INFO] running `Command { std: "git" "rev-parse" "HEAD", kill_on_drop: false }`
[INFO] [stdout] da46932b13799aca764285de7b5fb7c0a38af5b6
[INFO] checking Kybox/SpringBootProjectGenerator against master#9610dfe5a9a731ced1ea4923ecbd0c57fe367898 for beta-170-4
[INFO] running `Command { std: "git" "clone" "/workspace/cache/git-repos/https%3A%2F%2Fgithub.com%2FKybox%2FSpringBootProjectGenerator" "/workspace/builds/worker-5-tc1/source", kill_on_drop: false }`
[INFO] [stderr] Cloning into '/workspace/builds/worker-5-tc1/source'...
[INFO] [stderr] done.
[INFO] validating manifest of git repo https://github.com/Kybox/SpringBootProjectGenerator on toolchain 9610dfe5a9a731ced1ea4923ecbd0c57fe367898
[INFO] running `Command { std: CARGO_HOME="/workspace/cargo-home" RUSTUP_HOME="/workspace/rustup-home" "/workspace/cargo-home/bin/cargo" "+9610dfe5a9a731ced1ea4923ecbd0c57fe367898" "metadata" "--manifest-path" "Cargo.toml" "--no-deps", kill_on_drop: false }`
[INFO] started tweaking git repo https://github.com/Kybox/SpringBootProjectGenerator
[INFO] finished tweaking git repo https://github.com/Kybox/SpringBootProjectGenerator
[INFO] tweaked toml for git repo https://github.com/Kybox/SpringBootProjectGenerator written to /workspace/builds/worker-5-tc1/source/Cargo.toml
[INFO] crate git repo https://github.com/Kybox/SpringBootProjectGenerator already has a lockfile, it will not be regenerated
[INFO] running `Command { std: CARGO_HOME="/workspace/cargo-home" RUSTUP_HOME="/workspace/rustup-home" "/workspace/cargo-home/bin/cargo" "+9610dfe5a9a731ced1ea4923ecbd0c57fe367898" "fetch" "--manifest-path" "Cargo.toml", kill_on_drop: false }`
[INFO] [stderr]  Downloading crates ...
[INFO] [stderr]   Downloaded winreg v0.6.0
[INFO] [stderr]   Downloaded regex v1.1.7
[INFO] [stderr]   Downloaded termion v1.5.3
[INFO] [stderr]   Downloaded dirs-sys v0.3.3
[INFO] [stderr]   Downloaded include_dir_impl v0.2.1
[INFO] [stderr]   Downloaded include_dir v0.2.1
[INFO] [stderr]   Downloaded dialoguer v0.4.0
[INFO] [stderr]   Downloaded dirs v2.0.1
[INFO] [stderr]   Downloaded syn v0.15.36
[INFO] [stderr]   Downloaded regex-syntax v0.6.7
[INFO] [stderr]   Downloaded winres v0.1.10
[INFO] [stderr]   Downloaded console v0.7.6
[INFO] [stderr]   Downloaded os_info v1.1.1
[INFO] running `Command { std: "docker" "create" "-v" "/var/lib/crater-agent-workspace/builds/worker-5-tc1/target:/opt/rustwide/target:rw,Z" "-v" "/var/lib/crater-agent-workspace/builds/worker-5-tc1/source:/opt/rustwide/workdir:ro,Z" "-v" "/var/lib/crater-agent-workspace/cargo-home:/opt/rustwide/cargo-home:ro,Z" "-v" "/var/lib/crater-agent-workspace/rustup-home:/opt/rustwide/rustup-home:ro,Z" "-e" "SOURCE_DIR=/opt/rustwide/workdir" "-e" "CARGO_TARGET_DIR=/opt/rustwide/target" "-e" "CARGO_HOME=/opt/rustwide/cargo-home" "-e" "RUSTUP_HOME=/opt/rustwide/rustup-home" "-w" "/opt/rustwide/workdir" "-m" "1610612736" "--user" "0:0" "--network" "none" "ghcr.io/rust-lang/crates-build-env/linux@sha256:19e73879b68f455e41552ea35293514db52ea292d993f571636dbffedb77a1ee" "/opt/rustwide/cargo-home/bin/cargo" "+9610dfe5a9a731ced1ea4923ecbd0c57fe367898" "metadata" "--no-deps" "--format-version=1", kill_on_drop: false }`
[INFO] [stdout] c48e1f4d8f5c7f3d31dc528dc296dd4e8004931e5b60a1396e20bef606f79d8d
[INFO] running `Command { std: "docker" "start" "-a" "c48e1f4d8f5c7f3d31dc528dc296dd4e8004931e5b60a1396e20bef606f79d8d", kill_on_drop: false }`
[INFO] running `Command { std: "docker" "inspect" "c48e1f4d8f5c7f3d31dc528dc296dd4e8004931e5b60a1396e20bef606f79d8d", kill_on_drop: false }`
[INFO] running `Command { std: "docker" "rm" "-f" "c48e1f4d8f5c7f3d31dc528dc296dd4e8004931e5b60a1396e20bef606f79d8d", kill_on_drop: false }`
[INFO] [stdout] c48e1f4d8f5c7f3d31dc528dc296dd4e8004931e5b60a1396e20bef606f79d8d
[INFO] running `Command { std: "docker" "create" "-v" "/var/lib/crater-agent-workspace/builds/worker-5-tc1/target:/opt/rustwide/target:rw,Z" "-v" "/var/lib/crater-agent-workspace/builds/worker-5-tc1/source:/opt/rustwide/workdir:ro,Z" "-v" "/var/lib/crater-agent-workspace/cargo-home:/opt/rustwide/cargo-home:ro,Z" "-v" "/var/lib/crater-agent-workspace/rustup-home:/opt/rustwide/rustup-home:ro,Z" "-e" "SOURCE_DIR=/opt/rustwide/workdir" "-e" "CARGO_TARGET_DIR=/opt/rustwide/target" "-e" "CARGO_INCREMENTAL=0" "-e" "RUST_BACKTRACE=full" "-e" "RUSTFLAGS=--cap-lints=forbid" "-e" "RUSTDOCFLAGS=--cap-lints=forbid" "-e" "CARGO_HOME=/opt/rustwide/cargo-home" "-e" "RUSTUP_HOME=/opt/rustwide/rustup-home" "-w" "/opt/rustwide/workdir" "-m" "1610612736" "--user" "0:0" "--network" "none" "ghcr.io/rust-lang/crates-build-env/linux@sha256:19e73879b68f455e41552ea35293514db52ea292d993f571636dbffedb77a1ee" "/opt/rustwide/cargo-home/bin/cargo" "+9610dfe5a9a731ced1ea4923ecbd0c57fe367898" "check" "--frozen" "--all" "--all-targets" "--message-format=json", kill_on_drop: false }`
[INFO] [stdout] b166d25969b5e9745555f3c3a939915b7b97558fc39e97a012ab78aff52707af
[INFO] running `Command { std: "docker" "start" "-a" "b166d25969b5e9745555f3c3a939915b7b97558fc39e97a012ab78aff52707af", kill_on_drop: false }`
[INFO] [stderr]    Compiling autocfg v0.1.4
[INFO] [stderr]    Compiling libc v0.2.58
[INFO] [stderr]     Checking rand_core v0.4.0
[INFO] [stderr]    Compiling semver-parser v0.7.0
[INFO] [stderr]     Checking cfg-if v0.1.9
[INFO] [stderr]    Compiling syn v0.15.36
[INFO] [stderr]    Compiling serde v1.0.92
[INFO] [stderr]    Compiling quote v0.6.12
[INFO] [stderr]     Checking lazy_static v1.3.0
[INFO] [stderr]    Compiling memchr v2.2.0
[INFO] [stderr]     Checking rand_core v0.3.1
[INFO] [stderr]    Compiling semver v0.9.0
[INFO] [stderr]    Compiling cc v1.0.37
[INFO] [stderr]    Compiling rand_chacha v0.1.1
[INFO] [stderr]    Compiling rand_pcg v0.1.2
[INFO] [stderr]    Compiling rustc_version v0.2.3
[INFO] [stderr]    Compiling rand v0.6.5
[INFO] [stderr]    Compiling num-traits v0.2.8
[INFO] [stderr]     Checking rand_hc v0.1.0
[INFO] [stderr]     Checking rand_isaac v0.1.1
[INFO] [stderr]     Checking rand_xorshift v0.1.1
[INFO] [stderr]     Checking rand_jitter v0.1.4
[INFO] [stderr]    Compiling parking_lot_core v0.5.0
[INFO] [stderr]     Checking rand_os v0.1.3
[INFO] [stderr]    Compiling backtrace v0.3.30
[INFO] [stderr]     Checking ucd-util v0.1.3
[INFO] [stderr]    Compiling failure_derive v0.1.5
[INFO] [stderr]    Compiling regex v1.1.7
[INFO] [stderr]    Compiling winapi v0.3.7
[INFO] [stderr]     Checking aho-corasick v0.7.3
[INFO] [stderr]     Checking regex-syntax v0.6.7
[INFO] [stderr]    Compiling backtrace-sys v0.1.28
[INFO] [stderr]    Compiling parking_lot v0.8.0
[INFO] [stderr]     Checking thread_local v0.3.6
[INFO] [stderr]     Checking smallvec v0.6.10
[INFO] [stderr]     Checking utf8-ranges v1.0.3
[INFO] [stderr]    Compiling cgmath v0.16.1
[INFO] [stderr]    Compiling rustc-demangle v0.1.15
[INFO] [stderr]     Checking scopeguard v1.0.0
[INFO] [stderr]     Checking lock_api v0.2.0
[INFO] [stderr]     Checking num-traits v0.1.43
[INFO] [stderr]     Checking rand v0.4.6
[INFO] [stderr]     Checking approx v0.1.1
[INFO] [stderr]     Checking termios v0.3.1
[INFO] [stderr]     Checking clicolors-control v1.0.0
[INFO] [stderr]     Checking atty v0.2.11
[INFO] [stderr]    Compiling syn v0.14.9
[INFO] [stderr]    Compiling os_info v1.1.1
[INFO] [stderr]     Checking rgb v0.8.13
[INFO] [stderr]    Compiling synstructure v0.10.2
[INFO] [stderr]     Checking unicode-width v0.1.5
[INFO] [stderr]     Checking remove_dir_all v0.5.2
[INFO] [stderr]     Checking dirs-sys v0.3.3
[INFO] [stderr]     Checking tempfile v3.0.8
[INFO] [stderr]     Checking log v0.4.6
[INFO] [stderr]     Checking glob v0.2.11
[INFO] [stderr]     Checking dirs v2.0.1
[INFO] [stderr]     Checking winreg v0.6.0
[INFO] [stdout] error[E0433]: failed to resolve: could not find `windows` in `os`
[INFO] [stdout]    --> /opt/rustwide/cargo-home/registry/src/index.crates.io-6f17d22bba15001f/winreg-0.6.0/src/lib.rs:112:14
[INFO] [stdout]     |
[INFO] [stdout] 112 | use std::os::windows::ffi::OsStrExt;
[INFO] [stdout]     |              ^^^^^^^ could not find `windows` in `os`
[INFO] [stdout] 
[INFO] [stdout] 
[INFO] [stdout] error[E0433]: failed to resolve: could not find `shared` in `winapi`
[INFO] [stdout]    --> /opt/rustwide/cargo-home/registry/src/index.crates.io-6f17d22bba15001f/winreg-0.6.0/src/lib.rs:116:17
[INFO] [stdout]     |
[INFO] [stdout] 116 | pub use winapi::shared::minwindef::HKEY;
[INFO] [stdout]     |                 ^^^^^^ could not find `shared` in `winapi`
[INFO] [stdout] 
[INFO] [stdout] 
[INFO] [stdout] error[E0433]: failed to resolve: could not find `shared` in `winapi`
[INFO] [stdout]    --> /opt/rustwide/cargo-home/registry/src/index.crates.io-6f17d22bba15001f/winreg-0.6.0/src/lib.rs:117:13
[INFO] [stdout]     |
[INFO] [stdout] 117 | use winapi::shared::minwindef::{DWORD, BYTE, LPBYTE};
[INFO] [stdout]     |             ^^^^^^ could not find `shared` in `winapi`
[INFO] [stdout] 
[INFO] [stdout] 
[INFO] [stdout] error[E0432]: unresolved import `winapi::shared`
[INFO] [stdout]    --> /opt/rustwide/cargo-home/registry/src/index.crates.io-6f17d22bba15001f/winreg-0.6.0/src/lib.rs:115:13
[INFO] [stdout]     |
[INFO] [stdout] 115 | use winapi::shared::winerror;
[INFO] [stdout]     |             ^^^^^^ could not find `shared` in `winapi`
[INFO] [stdout] 
[INFO] [stdout] 
[INFO] [stdout] error[E0433]: failed to resolve: could not find `um` in `winapi`
[INFO] [stdout]    --> /opt/rustwide/cargo-home/registry/src/index.crates.io-6f17d22bba15001f/winreg-0.6.0/src/lib.rs:118:13
[INFO] [stdout]     |
[INFO] [stdout] 118 | use winapi::um::winnt::{self, WCHAR};
[INFO] [stdout]     |             ^^ could not find `um` in `winapi`
[INFO] [stdout] 
[INFO] [stdout] 
[INFO] [stdout] error[E0432]: unresolved import `winapi::um`
[INFO] [stdout]    --> /opt/rustwide/cargo-home/registry/src/index.crates.io-6f17d22bba15001f/winreg-0.6.0/src/lib.rs:118:13
[INFO] [stdout]     |
[INFO] [stdout] 118 | use winapi::um::winnt::{self, WCHAR};
[INFO] [stdout]     |             ^^ could not find `um` in `winapi`
[INFO] [stdout] 
[INFO] [stdout] 
[INFO] [stdout] error[E0433]: failed to resolve: could not find `um` in `winapi`
[INFO] [stdout]  --> /opt/rustwide/cargo-home/registry/src/index.crates.io-6f17d22bba15001f/winreg-0.6.0/src/enums.rs:9:17
[INFO] [stdout]   |
[INFO] [stdout] 9 | pub use winapi::um::winreg::{HKEY_CLASSES_ROOT,
[INFO] [stdout]   |                 ^^ could not find `um` in `winapi`
[INFO] [stdout] 
[INFO] [stdout] 
[INFO] [stdout] error[E0433]: failed to resolve: could not find `um` in `winapi`
[INFO] [stdout]   --> /opt/rustwide/cargo-home/registry/src/index.crates.io-6f17d22bba15001f/winreg-0.6.0/src/enums.rs:19:17
[INFO] [stdout]    |
[INFO] [stdout] 19 | pub use winapi::um::winnt::{KEY_QUERY_VALUE,
[INFO] [stdout]    |                 ^^ could not find `um` in `winapi`
[INFO] [stdout] 
[INFO] [stdout] 
[INFO] [stdout] error[E0433]: failed to resolve: could not find `windows` in `os`
[INFO] [stdout]   --> /opt/rustwide/cargo-home/registry/src/index.crates.io-6f17d22bba15001f/winreg-0.6.0/src/types.rs:11:14
[INFO] [stdout]    |
[INFO] [stdout] 11 | use std::os::windows::ffi::{OsStrExt,OsStringExt};
[INFO] [stdout]    |              ^^^^^^^ could not find `windows` in `os`
[INFO] [stdout] 
[INFO] [stdout] 
[INFO] [stdout] error[E0432]: unresolved import `winapi::um`
[INFO] [stdout]    --> /opt/rustwide/cargo-home/registry/src/index.crates.io-6f17d22bba15001f/winreg-0.6.0/src/lib.rs:119:13
[INFO] [stdout]     |
[INFO] [stdout] 119 | use winapi::um::winreg as winapi_reg;
[INFO] [stdout]     |             ^^ could not find `um` in `winapi`
[INFO] [stdout] 
[INFO] [stdout] 
[INFO] [stdout] error[E0432]: unresolved import `super::winapi::shared`
[INFO] [stdout]   --> /opt/rustwide/cargo-home/registry/src/index.crates.io-6f17d22bba15001f/winreg-0.6.0/src/types.rs:12:20
[INFO] [stdout]    |
[INFO] [stdout] 12 | use super::winapi::shared::winerror;
[INFO] [stdout]    |                    ^^^^^^ could not find `shared` in `winapi`
[INFO] [stdout] 
[INFO] [stdout] 
[INFO] [stdout] error[E0433]: failed to resolve: could not find `um` in `winapi`
[INFO] [stdout]   --> /opt/rustwide/cargo-home/registry/src/index.crates.io-6f17d22bba15001f/winreg-0.6.0/src/enums.rs:39:29
[INFO] [stdout]    |
[INFO] [stdout] 39 |               $( $v = winapi::um::winnt::$v as isize ),*
[INFO] [stdout]    |                               ^^ could not find `um` in `winapi`
[INFO] [stdout] ...
[INFO] [stdout] 44 | / winapi_enum!(RegType, "Enumeration of possible registry value types" => [
[INFO] [stdout] 45 | | REG_NONE,
[INFO] [stdout] 46 | | REG_SZ,
[INFO] [stdout] 47 | | REG_EXPAND_SZ,
[INFO] [stdout] ...  |
[INFO] [stdout] 56 | | REG_QWORD
[INFO] [stdout] 57 | | ]);
[INFO] [stdout]    | |__- in this macro invocation
[INFO] [stdout]    |
[INFO] [stdout]    = note: this error originates in the macro `winapi_enum` (in Nightly builds, run with -Z macro-backtrace for more info)
[INFO] [stdout] 
[INFO] [stdout] 
[INFO] [stdout] error[E0433]: failed to resolve: could not find `um` in `winapi`
[INFO] [stdout]   --> /opt/rustwide/cargo-home/registry/src/index.crates.io-6f17d22bba15001f/winreg-0.6.0/src/enums.rs:39:29
[INFO] [stdout]    |
[INFO] [stdout] 39 |               $( $v = winapi::um::winnt::$v as isize ),*
[INFO] [stdout]    |                               ^^ could not find `um` in `winapi`
[INFO] [stdout] ...
[INFO] [stdout] 60 | / winapi_enum!(RegDisposition, "Enumeration of possible disposition values" => [
[INFO] [stdout] 61 | | REG_CREATED_NEW_KEY,
[INFO] [stdout] 62 | | REG_OPENED_EXISTING_KEY
[INFO] [stdout] 63 | | ]);
[INFO] [stdout]    | |__- in this macro invocation
[INFO] [stdout]    |
[INFO] [stdout]    = note: this error originates in the macro `winapi_enum` (in Nightly builds, run with -Z macro-backtrace for more info)
[INFO] [stdout] 
[INFO] [stdout] 
[INFO] [stdout] error[E0599]: no function or associated item named `from_wide` found for struct `OsString` in the current scope
[INFO] [stdout]   --> /opt/rustwide/cargo-home/registry/src/index.crates.io-6f17d22bba15001f/winreg-0.6.0/src/types.rs:54:35
[INFO] [stdout]    |
[INFO] [stdout] 54 |                 let s = OsString::from_wide(words);
[INFO] [stdout]    |                                   ^^^^^^^^^ function or associated item not found in `OsString`
[INFO] [stdout] 
[INFO] [stdout] 
[INFO] [stdout] error[E0599]: no method named `encode_wide` found for reference `&&'a OsStr` in the current scope
[INFO] [stdout]    --> /opt/rustwide/cargo-home/registry/src/index.crates.io-6f17d22bba15001f/winreg-0.6.0/src/types.rs:113:37
[INFO] [stdout]     |
[INFO] [stdout] 113 |             bytes: v16_to_v8(&(self.encode_wide().collect::<Vec<_>>())),
[INFO] [stdout]     |                                     ^^^^^^^^^^^ method not found in `&&'a OsStr`
[INFO] [stdout] 
[INFO] [stdout] 
[INFO] [stdout] error[E0599]: no method named `encode_wide` found for reference `&OsStr` in the current scope
[INFO] [stdout]    --> /opt/rustwide/cargo-home/registry/src/index.crates.io-6f17d22bba15001f/winreg-0.6.0/src/lib.rs:981:16
[INFO] [stdout]     |
[INFO] [stdout] 981 |     s.as_ref().encode_wide().chain(Some(0).into_iter()).collect()
[INFO] [stdout]     |                ^^^^^^^^^^^ method not found in `&OsStr`
[INFO] [stdout] 
[INFO] [stdout] 
[INFO] [stdout] error: aborting due to 16 previous errors
[INFO] [stdout] 
[INFO] [stdout] 
[INFO] [stdout] Some errors have detailed explanations: E0432, E0433, E0599.
[INFO] [stdout] 
[INFO] [stdout] For more information about an error, try `rustc --explain E0432`.
[INFO] [stdout] 
[INFO] [stderr] error: could not compile `winreg` (lib) due to 17 previous errors
[INFO] [stderr] warning: build failed, waiting for other jobs to finish...
[INFO] running `Command { std: "docker" "inspect" "b166d25969b5e9745555f3c3a939915b7b97558fc39e97a012ab78aff52707af", kill_on_drop: false }`
[INFO] running `Command { std: "docker" "rm" "-f" "b166d25969b5e9745555f3c3a939915b7b97558fc39e97a012ab78aff52707af", kill_on_drop: false }`
[INFO] [stdout] b166d25969b5e9745555f3c3a939915b7b97558fc39e97a012ab78aff52707af
